multiple of 29?
True
Is 16 a factor of 240?
True
Is 11 a factor of 1161?
False
Does 24 divide 3960?
True
Is 8 a factor of 2809?
False
Is 44 a factor of 4532?
True
Does 30 divide 3570?
True
Is 294 a multiple of 29?
False
Is 62 a factor of 2286?
False
Is 3557 a multiple of 17?
False
Does 25 divide 95475?
True
Is 136 a factor of 56002?
False
Does 212 divide 13356?
True
Does 10 divide 248?
False
Does 17 divide 44166?
True
Is 1044 a multiple of 20?
False
Does 3 divide 110?
False
Is 1663 a multiple of 22?
False
Is 254 a multiple of 7?
False
Is 458 a multiple of 10?
False
Does 17 divide 154635?
False
Is 1000 a multiple of 4?
True
Does 20 divide 80876?
False
Does 30 divide 48763?
False
Is 308 a multiple of 6?
False
Does 7 divide 399?
True
Is 4278 a multiple of 6?
True
Does 30 divide 18905?
False
Is 3717 a multiple of 9?
True
Is 3 a factor of 7?
False
Does 22 divide 524?
False
Is 121 a factor of 9492?
False
Is 8213 a multiple of 140?
False
Does 7 divide 606?
False
Is 4 a factor of 9264?
True
Is 4691 a multiple of 258?
False
Is 3317 a multiple of 6?
False
Is 83 a factor of 747?
True
Is 45 a factor of 19111?
False
Is 72 a multiple of 24?
True
Is 11 a factor of 944?
False
Is 408 a multiple of 6?
True
Is 102 a factor of 8160?
True
Does 58 divide 105?
False
Does 27 divide 2997?
True
Is 66 a factor of 5478?
True
Does 26 divide 83907?
False
Does 26 divide 52?
True
Does 52 divide 44460?
True
Does 15 divide 90?
True
Is 130 a factor of 14285?
False
Is 42312 a multiple of 6?
True
Is 2 a factor of 693?
False
Does 28 divide 119203?
False
Is 42 a factor of 1596?
True
Is 4 a factor of 14744?
True
Is 3700 a multiple of 25?
True
Does 122 divide 16470?
True
Is 23 a factor of 2028?
False
Is 19 a factor of 3287?
True
Does 24 divide 561?
False
Is 28 a factor of 252?
True
Does 107 divide 39740?
False
Is 30 a factor of 600?
True
Is 23 a factor of 4460?
False
Does 177 divide 52460?
False
Is 136 a factor of 2350?
False
Is 749 a multiple of 7?
True
Does 3 divide 825?
True
Is 6808 a multiple of 37?
True
Does 42 divide 2818?
False
Does 11 divide 57854?
False
Does 49 divide 2352?
True
Does 8 divide 115036?
False
Is 3857 a multiple of 7?
True
Is 27 a factor of 30537?
True
Is 1575 a multiple of 15?
True
Is 1541 a multiple of 144?
False
Is 255 a multiple of 4?
False
Is 38 a factor of 9903?
False
Is 21126 a multiple of 7?
True
Is 4876 a multiple of 39?
False
Does 143 divide 33551?
False
Is 6 a factor of 54?
True
Is 234 a multiple of 11?
False
Does 9 divide 1253?
False
Does 320 divide 161142?
False
Is 10 a factor of 250?
True
Is 1408 a multiple of 45?
False
Is 12 a factor of 21180?
True
Does 19 divide 2906?
False
Is 29 a factor of 4848?
False
Is 250 a multiple of 25?
True
Does 25 divide 2466?
False
Is 1368 a multiple of 19?
True
Is 34 a factor of 374?
True
Is 1961 a multiple of 6?
False
Does 17 divide 561?
True
Is 99 a multiple of 6?
False
Is 3 a factor of 594?
True
Is 972 a multiple of 9?
True
Is 5031 a multiple of 83?
False
Does 65 divide 1834?
False
Does 42 divide 10415?
False
Is 4 a factor of 86?
False
Does 254 divide 39696?
False
Does 5 divide 15?
True
Does 12 divide 13701?
False
Does 24 divide 9696?
True
Is 44 a factor of 571?
False
Is 1815 a multiple of 13?
False
Does 12 divide 44214?
False
Is 128 a factor of 7744?
False
Is 13 a factor of 2665?
True
Does 29 divide 87?
True
Is 565 a multiple of 5?
True
Is 7 a factor of 134?
False
Is 15 a factor of 946?
False
Is 504 a multiple of 14?
True
Is 4267 a multiple of 38?
False
Is 34083 a multiple of 21?
True
Does 37 divide 8954?
True
Is 4 a factor of 10829?
False
Does 14 divide 490?
True
Does 16 divide 337?
False
Is 4839 a multiple of 9?
False
Is 591 a multiple of 17?
False
Is 15 a factor of 1656?
False
Does 195 divide 20085?
True
Is 31 a factor of 9430?
False
Is 24 a factor of 1589?
False
Is 6084 a multiple of 78?
True
Is 70 a multiple of 7?
True
Is 1130 a multiple of 19?
False
Is 39764 a multiple of 180?
False
Is 9238 a multiple of 3?
False
Does 63 divide 189?
True
Is 24 a factor of 480?
True
Does 14 divide 4784?
False
Is 22 a factor of 6512?
True
Is 2064 a multiple of 45?
False
Is 5 a factor of 449?
False
Is 24 a factor of 5544?
True
Does 360 divide 115951?
False
Is 7508 a multiple of 18?
False
Does 20 divide 420?
True
Does 10 divide 104770?
True
Is 569 a multiple of 10?
False
Is 5838 a multiple of 21?
True
Does 32 divide 576?
True
Is 2052 a multiple of 50?
False
Does 12 divide 4133?
False
Is 3216 even?
True
Is 13 a factor of 325?
True
Is 8595 a multiple of 45?
True
Is 50 a multiple of 10?
True
Is 2319 a multiple of 11?
False
Is 139 even?
False
Is 45543 a multiple of 51?
True
Is 54 a factor of 780?
False
Is 13428 a multiple of 9?
True
Does 192 divide 102473?
False
Is 25 a factor of 53?
False
Is 115200 a multiple of 40?
True
Is 31635 a multiple of 15?
True
Is 40 a factor of 550?
False
Is 1683 a multiple of 117?
False
Is 107 a factor of 14980?
True
Is 471 a multiple of 3?
True
Is 1476 a multiple of 18?
True
Is 504 a multiple of 6?
True
Does 4 divide 72?
True
Is 4882 a multiple of 111?
False
Is 170177 a multiple of 226?
False
Does 14 divide 993?
False
Is 1431 a multiple of 53?
True
Does 2 divide 3375?
False
Is 21824 a multiple of 31?
True
Is 1148 a multiple of 11?
False
Does 57 divide 12369?
True
Does 9 divide 7920?
True
Is 327 a multiple of 38?
False
Is 23415 a multiple of 21?
True
Is 15 a factor of 1411?
False
Is 35 a factor of 665?
True
Does 12 divide 39872?
False
Does 6 divide 338?
False
Is 57 a factor of 4389?
True
Does 16 divide 5632?
True
Is 8 a factor of 24260?
False
Is 12 a factor of 11508?
True
Is 16 a factor of 1834?
False
Is 23 a factor of 47459?
False
Is 51 a factor of 32490?
False
Does 29 divide 29?
True
Is 28 a factor of 5348?
True
Is 592 a multiple of 24?
False
Is 17908 a multiple of 74?
True
Does 9 divide 441?
True
Is 7 a factor of 3927?
True
Does 23 divide 799?
False
Is 10 a factor of 113?
False
Is 12 a factor of 14768?
False
Does 3 divide 1536?
True
Does 63 divide 16201?
False
Is 12682 a multiple of 17?
True
Does 18 divide 432?
True
Is 4824 a multiple of 24?
True
Is 109 a factor of 3052?
True
Is 18 a factor of 12202?
False
Is 26 a factor of 20514?
True
Does 10 divide 1970?
True
Does 13 divide 4082?
True
Does 247 divide 21983?
True
Is 15 a factor of 1485?
True
Is 37 a factor of 7524?
False
Is 2997 a multiple of 91?
False
Is 2865 a multiple of 48?
False
Is 126 a factor of 17388?
True
Does 145 divide 6962?
False
Does 4 divide 269?
False
Does 23 divide 30375?
False
Does 28 divide 5656?
True
Is 1733 a multiple of 22?
False
Does 36 divide 2161?
False
Is 36 a multiple of 18?
True
Is 18 a factor of 7030?
False
Is 68 a factor of 5100?
True
Is 2001 a multiple of 25?
False
Is 99320 a multiple of 130?
True
Does 3 divide 49?
False
Does 4 divide 28?
True
Is 3198 a multiple of 13?
True
Does 25 divide 3295?
False
Is 392 a factor of 148960?
True
Is 147 a multiple of 21?
True
Is 7 a factor of 910?
True
Does 16 divide 14832?
True
Does 54 divide 594?
True
Is 2157 a multiple of 15?
False
Is 990 a multiple of 66?
True
Does 19 divide 650?
False
Does 6 divide 16230?
True
Is 11088 a multiple of 21?
True
Does 69 divide 12251?
False
Does 18 divide 234?
True
Is 5 a factor of 3685?
True
Is 9 a factor of 1334?
False
Is 4372 a multiple of 26?
False
Is 19 a factor of 55?
False
Is 332 a multiple of 34?
False
Does 116 divide 6960?
True
Does 47 divide 376?
True
Does 20 divide 4780?
True
Does 6 divide 33?
False
Does 14 divide 303?
False
Is 356 a multiple of 5?
False
Does 208 divide 624?
True
Is 14 a multiple of 2?
True
Is 28997 a multiple of 19?
False
Is 10205 a multiple of 13?
True
Does 187 divide 24256?
False
Is 448 a multiple of 64?
True
Is 12049 a multiple of 81?
False
Is 32 a factor of 5290?
False
Does 64 divide 2947?
False
Is 16196 a multiple of 85?
False
Is 54 a factor of 4261?
False
Does 21 divide 1575?
True
Is 6 a factor of 16114?
False
Is 12 a factor of 800?
False
Is 55 a factor of 32560?
True
Is 3 a factor of 105?
True
Does 151 divide 1057?
True
Does 14 divide 13709?
False
Is 826 a multiple of 54?
False
Is 15 a factor of 1829?
False
Does 9 divide 748?
False
Is 13 a factor of 455?
True
Does 23 divide 1265?
True
Does 89 divide 3889?
False
Is 17865 a multiple of 9?
True
Is 18 a factor of 902?
False
Is 19 a factor of 304?
True
Is 5 a factor o